0032 + 323212?
303120
In base 16, what is 1 - -286d64?
286d65
In base 16, what is 28622 + -5a9?
28079
In base 2, what is -101001101100010100100 + -1?
-101001101100010100101
In base 5, what is 240 + 1422300?
1423040
In base 11, what is 113 - 35717?
-35604
In base 15, what is -151debb - 3?
-151debe
In base 15, what is b - -2061953?
206195e
In base 5, what is -1 + -342314033?
-342314034
In base 9, what is 5 - 148726?
-148721
In base 12, what is 190276 + 7?
190281
In base 9, what is -17085 - -3252?
-13733
In base 12, what is 12a3a + -ab5a?
3aa0
In base 14, what is da002b + 10b?
da0138
In base 3, what is -1101101222010 - -20?
-1101101221220
In base 2, what is 11010011001100011000100 + 100?
11010011001100011001000
In base 4, what is 1203130300312 - -11?
1203130300323
In base 11, what is 3 - -162a11a?
162a122
In base 6, what is -5 + 11415032033?
11415032024
In base 16, what is -f91e + 131a?
-e604
In base 16, what is 177d519 + -3?
177d516
In base 7, what is -5 - -1262302225?
1262302220
In base 14, what is 0 - 8d18828?
-8d18828
In base 14, what is -4d + 5472?
5423
In base 3, what is 110011020 - 200202221?
-20121201
In base 3, what is -12 - 10022022110101?
-10022022110120
In base 10, what is -1517471 - 91?
-1517562
In base 4, what is -200301010131 + -121?
-200301010312
In base 2, what is 1011101100 + 11101101101100100101?
11101101111000010001
In base 5, what is 4144 - 124141?
-114442
In base 15, what is 2 - 5b5db76?
-5b5db74
In base 13, what is 23bb64a + a?
23bb657
In base 9, what is -4445636 + 8?
-4445627
In base 15, what is -6 - -1aea909?
1aea903
In base 7, what is 1513 + 3133365?
3135211
In base 14, what is -12992a + -a?
-129936
In base 2, what is -1000010010011 + 1001110101001?
1100010110
In base 8, what is 5051707 - -61?
5051770
In base 7, what is -2313343 + 1121?
-2312222
In base 16, what is -27e08 - -6e3?
-27725
In base 7, what is 2306313 - -334?
2306650
In base 5, what is 230 - 12002432?
-12002202
In base 2, what is -1100 + -10100000111100100110010?
-10100000111100100111110
In base 2, what is -11110 - 10000010100001001101000?
-10000010100001010000110
In base 7, what is 26323 + -103334?
-44011
In base 13, what is -2b - -81682?
81654
In base 3, what is 1112102 - -100102211?
101222020
In base 4, what is -3131332312 + -1022?
-3132000000
In base 9, what is 13567527 - 3?
13567524
In base 15, what is 15eac - 2b1d?
1338e
In base 14, what is 2 + -3c4556b8?
-3c4556b6
In base 13, what is 195294 + 5?
195299
In base 5, what is -1303342 + -10011?
-1313403
In base 2, what is 0 + -10110000011100111110001?
-10110000011100111110001
In base 7, what is -21213 + -6541?
-31054
In base 15, what is 5207 - 9b7a?
-4973
In base 8, what is 427566 + 2637?
432425
In base 12, what is -42bb0 - -16?
-42b96
In base 5, what is -4310321 + 101?
-4310220
In base 5, what is -3410 - 11032444?
-11041404
In base 15, what is 43 + 6c89?
6ccc
In base 2, what is -11 - 10000010100110101001000?
-10000010100110101001011
In base 10, what is 61852 + -249?
61603
In base 10, what is -625424 + -218?
-625642
In base 11, what is 63 + -148613?
-148560
In base 15, what is ed7 - 12661?
-11679
In base 3, what is 20220 - -121102221?
121200211
In base 9, what is 107786 + -375?
107411
In base 16, what is 9 + -4eb4d0?
-4eb4c7
In base 9, what is 8 + -60836?
-60827
In base 12, what is 12508450 + 2?
12508452
In base 10, what is 880488480 + -5?
880488475
In base 14, what is 16a2 + -19a14?
-18352
In base 3, what is -2 + 22112120210221?
22112120210212
In base 12, what is -522334 + 3?
-522331
In base 14, what is -2 + 3951a3?
3951a1
In base 3, what is -220020 + 110201000?
102210210
In base 2, what is 111111101000101101110 + 11?
111111101000101110001
In base 2, what is -10110011001010110000111010110 + 100?
-10110011001010110000111010010
In base 13, what is -3a0a63a5 - -4?
-3a0a63a1
In base 15, what is -c86e25 + -1?
-c86e26
In base 15, what is -3 + -915bbe0?
-915bbe3
In base 7, what is -1 - -102350324?
102350323
In base 2, what is 10110001000 + 1001010000000011000?
1001010010110100000
In base 9, what is 213486 - 106?
213380
In base 7, what is -530545 - -5506?
-522036
In base 15, what is 386 + -115a8?
-11222
In base 7, what is 5641550664 - -2?
5641550666
In base 13, what is 2 + 188a415a?
188a415c
In base 10, what is -105 - -104678?
104573
In base 7, what is 1003 - 140426?
-136423
In base 10, what is 858 - -34820?
35678
In base 2, what is 11111110111110010011 + -110011110?
11111110110111110101
In base 11, what is 19 + 46aa15?
46aa33
In base 14, what is 832 - 44a5?
-3a73
In base 2, what is 100 - -111100011000100001011?
111100011000100001111
In base 13, what is 4 + 2b1b607?
2b1b60b
In base 8, what is 4030733 + -7?
4030724
In base 14, what is -b9 + 19dbbd?
19db04
In base 16, what is 24 + -d2949?
-d2925
In base 15, what is b5 + -89930?
-8986a
In base 8, what is 44 + 626703?
626747
In base 16, what is -40e2 + 83?
-405f
In base 3, what is 11 - -2100201200121222?
2100201200122010
In base 14, what is 5 + -c70545?
-c70540
In base 12, what is 1 - -336745?
336746
In base 16, what is -4d9b + 3f68?
-e33
In base 15, what is -82 - -3174?
30e2
In base 12, what is 17 + -358963?
-358948
In base 16, what is 384 + -12805?
-12481
In base 11, what is -31 + -19aa4?
-1a025
In base 7, what is 1301423546 - -2?
1301423551
In base 15, what is 277 - -1ac54?
1aecb
In base 4, what is 123232310 + -12?
123232232
In base 7, what is 30530325 - -32?
30530360
In base 2, what is 11010001111 - -111100000000?
1010110001111
In base 11, what is 2021091a - -3?
20210922
In base 9, what is -225 - 53656?
-53882
In base 9, what is -37 + -448601?
-448638
In base 16, what is -50b95 - 26d?
-50e02
In base 2, what is -11110110010100001000011 - 101110?
-11110110010100001110001
In base 14, what is 1203 - -12bd?
24c2
In base 13, what is 163 + -6a28?
-6895
In base 13, what is 37494a0 + 14?
37494b4
In base 15, what is 312cec + -3?
312ce9
In base 3, what is -2 + 1001011102200220?
1001011102200211
In base 14, what is a1d + -379?
684
In base 8, what is -1 - 36175764?
-36175765
In base 13, what is 323 + -90194?
-8cb71
In base 5, what is 20 + 10134121?
10134141
In base 5, what is 1001202 - -222?
1001424
In base 16, what is 3 - -96748b?
96748e
In base 13, what is 5ba49ab - -5?
5ba49b3
In base 10, what is 5 + 1697046?
1697051
In base 6, what is -100040103 - 10?
-100040113
In base 5, what is -143 + 230411?
230213
In base 13, what is 4716 - -1540?
5c56
In base 3, what is -1100120002110122 - 11?
-1100120002110210
In base 15, what is -2 + ce7e876?
ce7e874
In base 4, what is -211 - -11022110302?
11022110031
In base 8, what is 3543152422 + -1?
3543152421
In base 12, what is -12681a76 - 2?
-12681a78
In base 6, what is -14 + 423352122?
423352104
In base 8, what is -116612 - -403?
-116207
In base 12, what is -10 - -412679?
412669
In base 5, what is 103 - -30330020?
30330123
In base 11, what is -11193 + a24?
-1026a
In base 5, what is -1303 + -3230211101?
-3230212404
In base 11, what is -1122860 - 5?
-1122865
In base 12, what is 20b + 3b5004?
3b5213
In base 4, what is 30 + 1312302301003?
1312302301033
In base 3, what is 1 + -120212122100122?
-120212122100121
In base 12, what is -9253 + 406?
-8a49
In base 7, what is -2404634 + 216?
-2404415
In base 2, what is -1100011100 + -100010110010110?
-100100010110010
In base 4, what is -21 - 20100220302?
-20100220323
In base 10, what is 4 + 93719677?
93719681
In base 3, what is 21001211120 + -2201?
21001201212
In base 8, what is -5257 + 46632?
41353
In base 14, what is 12 + 14aab8?
14aaca
In base 4, what is -123 - -10020032110?
10020031321
In base 4, what is -2033 - -2012020021?
2012011322
In base 14, what is -101 - 2c8c29?
-2c8d2a
In base 15, what is -c - 12adc?
-12ae9
In base 15, what is -2b + c98b8?
c988c
In base 2, what is 11 + 11010110111100110111000101?
11010110111100110111001000
In base 3, what is 2222 + -1221220000112?
-1221212220120
In base 3, what is 101020 - 211201120?
-211100100
In base 5, what is 14033004 - -13111?
14101120
In base 10, what is 147336285 - -4?
147336289
In base 11, what is 5555 + 342?
5897
In base 4, what is 11330113033003 - -1?
11330113033010
In base 12, what is -27014b0 - -1b?
-2701491
In base 13, what is -88 - 19aa8?
-19b63
In base 5, what is -1011031042213 - -4?
-1011031042204
In base 13, what is -34674a47 + 0?
-3467